remainder when 1939 is divided by w.
76
Suppose 17*j = 21*j - 84. What is the remainder when (-34)/(-6)*(8 - -25) is divided by j?
19
Let o = 41 + -39. Let j(l) = 9*l - 3*l**2 - 2*l**3 - 3*l**o - 1 + 5*l**2 + 4. Calculate the remainder when 34 is divided by j(-3).
13
Suppose -220 = -9*n - 11*n. Let o = 20 - 6. What is the remainder when o is divided by (9 - (n - -8))*(-4)/10?
2
Suppose 5*m + 36*z - 1006 = 37*z, 9*z = 4*m - 772. What is the remainder when 2624 is divided by m?
200
Suppose -2*o + 178 = 2*g, 2*o + 223*g = 218*g + 193. Calculate the remainder when 1407 is divided by o.
63
Suppose -36 = -2*x + x. Let p(m) be the third derivative of m**5/10 - 3*m**4/8 + 4*m**3/3 - 2*m**2 - 51*m. Calculate the remainder when p(4) is divided by x.
32
Let h be (-18)/(-22) + -2*(-4)/44. Let g be (h - 1)/(-4) + (-1 - -51). Suppose 26 = 4*x - g. Calculate the remainder when 56 is divided by x.
18
Suppose 3*q - 182 = -4*p, -5*p + 0*q = 3*q - 226. Let o be -2*(-9)/(-6)*4304/24. Let n = -529 - o. What is the remainder when p is divided by n?
8
Suppose 0 = 5*p + 2*p - 70. Suppose 2*k - 125 = -17. Suppose -v - k = -7*v. Calculate the remainder when p is divided by v.
1
What is the remainder when 883 is divided by -16 + 329/21 - (-158)/6?
25
Let o(h) = -58*h**3 + h**2 - 1. Let a be o(-1). Let m = a + -55. Suppose -4*f = -m*f - 64. Calculate the remainder when f is divided by 23.
18
Let d(k) = -k**3 + 12*k**2 - 30*k + 133. What is the remainder when 226 is divided by d(10)?
28
Let n be (5 - 4)/((-5)/(-410)). Suppose -3*f + n = 25. What is the remainder when (3 - -27)*10/4 is divided by f?
18
Let n = 24741 + -24716. What is the remainder when 6370 is divided by n?
20
Suppose 4*m - 1180 = -3*d, -3*m + 290 = -2*m + 2*d. Suppose m = 15*k - 152. Calculate the remainder when 57 is divided by k.
27
Let q = 299 + -212. Calculate the remainder when q is divided by (13/2 + (-198)/18)/(14/(-28)).
6
Let z be (-4)/7 + 122/(-7). Let s = z + 27. Let i = 27 - s. What is the remainder when 70 is divided by i?
16
Suppose p - 152 + 113 = -5*v, p + v - 39 = 0. What is the remainder when 2845 is divided by p?
37
Let b(u) = -21*u - 2. Let i be b(-7). Let a = i + -64. Suppose 60 = 3*l + 11 - 77. Calculate the remainder when a is divided by l.
39
What is the remainder when 698/4 + ((-15)/(-10))/(-3) is divided by (-12)/(12/5 + -3)?
14
Suppose 22*f - 24 = 16*f. Suppose f*n = 130 + 6. What is the remainder when 62 is divided by n?
28
Let b(r) = -r**2 - 75*r - 522. Calculate the remainder when b(-46) is divided by 52.
32
Suppose 0 = -3*u + 37 - 7. Let p = u + -4. Calculate the remainder when ((-2)/(12/51))/(p/(-24)) is divided by 12.
10
Suppose -3*p - 2*n = -21, -15*n - 6 = p - 10*n. Let r = -145 - -485. Calculate the remainder when r is divided by p.
7
What is the remainder when 14161 is divided by (-97)/14*(-42)/3?
96
Suppose -o - 3*v + 13 = 0, -2*o = 2*v + 2*v - 20. Suppose -4*q - q - 2*l = 0, 3*q + o = -2*l. What is the remainder when 2 is divided by q?
0
Let l = 380 + -320. Suppose 3*m - l = 81. What is the remainder when 233 is divided by m?
45
Let i(u) = u**3 + 8*u**2 + 3*u - 22. Suppose 0 = -2*k + 2*f - 3 - 13, -5*k - 30 = 5*f. What is the remainder when 430 is divided by i(k)?
4
Let h be (-1 - 3)*15/(-30). What is the remainder when 645 is divided by (3 - 4)*(h - 36)?
33
What is the remainder when 1/(-3) - 20300/(-348) is divided by 0 + 1 - (-6 + -8)?
13
Let h(k) = k + 46. Suppose 0 = -11*s + 6*s + 140. Let l be (-18)/7*(-1)/((-6)/s). What is the remainder when h(l) is divided by 12?
10
Let k(a) = 9*a**3 + 27*a**2 - 9*a + 50. What is the remainder when k(4) is divided by 27?
23
Let u be (1 - 35/20)*(-16)/6. Suppose u*d + h - 92 - 30 = 0, 16 = -4*h. Let l = 103 + -80. Calculate the remainder when d is divided by l.
17
What is the remainder when 186 is divided by (-23)/3*(-68 - -65)?
2
Suppose 26*h - 1278 = 12*h + 458. Calculate the remainder when h is divided by 37.
13
Let z(i) = -5*i**3 + 6*i**2 + 27*i + 18. What is the remainder when 61 is divided by z(-2)?
5
Suppose -54371 - 22335 = -449*u + 5910. Calculate the remainder when 1860 is divided by u.
20
Suppose 0 = g + 7*g - 168. Suppose 3*c + p = g, 10 = 2*c - 5*p - 4. Suppose 2*o + 21 = 5*v - 95, -2*v = -5*o - 38. What is the remainder when v is divided by c?
3
Let h(l) = l**2 - 39*l - 57. Let u be h(40). What is the remainder when 46 is divided by 2/u + 5/(170/446)?
7
Let h = -4870 + 4883. Calculate the remainder when 1968 is divided by h.
5
Let i be (7 + -1 + -14 + 8)/1. Suppose 0 = -2*t - 4*f + 94, i*t + 91 = 2*t + f. Calculate the remainder when 61 is divided by t.
16
Suppose -12*w = -14*w - 2*r + 240, w - 4*r - 95 = 0. Calculate the remainder when w is divided by 33.
16
Suppose 8*g = b + 12*g - 862, -3*g = -4*b + 3391. Let q = b - 825. Calculate the remainder when q is divided by 9.
7
Suppose -2*w = 14*v - 12*v - 34, 115 = 5*w - 5*v. Calculate the remainder when (-2666)/(-9) + -5*w/450 is divided by 11.
10
Let x be (2 + -6)/(-4) + (0 - -1). Suppose -2*m + 5*v = -m - 7, 0 = -x*m + v + 5. Calculate the remainder when 38 is divided by 3 - (3 + -12 + m).
8
Suppose -5*q + 188 + 642 = 5*s, -3*s - 5*q = -496. Let x = s - 123. What is the remainder when x is divided by 5?
4
Let a(d) = d**3 - 92*d**2 + 585*d + 899. Suppose 0 = 5*b - x - 665 + 181, 0 = -b + x + 100. What is the remainder when b is divided by a(85)?
47
Calculate the remainder when 422 is divided by (228/9 - 26)/((-1)/294*2).
30
Let d(r) = 842*r + 44. Let n be d(1). Suppose 19*h + 259 - n = 0. What is the remainder when h is divided by 24?
9
Suppose 46 = 4*l + 5*h, 0*h + 4*h + 37 = 5*l. What is the remainder when 746 is divided by l?
8
Let c be 1 + (-2)/(6 - 8). Suppose -u + 2*x + 133 = -x, 0 = c*u - x - 291. Calculate the remainder when u is divided by 40.
28
Let i be (142/(-4))/((-17)/34). Suppose 14*t - i = 27. Calculate the remainder when 20 is divided by t.
6
Let g(k) = 0*k + 15*k - 2*k**2 - 38 + 10*k + 16 + 12. What is the remainder when 133 is divided by g(10)?
13
Suppose 983 + 572 = 4*x - 477. Calculate the remainder when 530 is divided by x.
22
Let w(v) = 117*v + 11936. What is the remainder when (2 + -4)*(-13)/2 is divided by w(-102)?
1
Suppose 0 = 8*b - 5*b - 9. Let q = -1067 - -1096. What is the remainder when q is divided by (-5 + b)*9/(-6)?
2
Let a(j) be the first derivative of -25*j**2 - 18*j + 54. What is the remainder when a(-4) is divided by 23?
21
Suppose p - 4*o - o = 15, -5*p - 4*o = 41. What is the remainder when 88 is divided by ((-576)/(-80))/((-2)/p)?
16
Suppose -5*f + 393*w - 396*w = -27743, -4*f = w - 22186. Calculate the remainder when f is divided by 1846.
7
Suppose 141 = 5*c + 1. Let z = -19789 - -19800. What is the remainder when c is divided by z?
6
Suppose 9*g - 6678 + 2331 = 0. Suppose 22*k = k + g. Suppose -q + 177 = -28. Calculate the remainder when q is divided by k.
21
Suppose -3*b + 12 = 0, -36*b - 244 = -4*a - 33*b. What is the remainder when 227 is divided by a?
35
Suppose 4*b = 3*b + 5. Suppose 0 = -10*m - 3*m + 9698. Let o = -709 + m. Calculate the remainder when o is divided by b.
2
Suppose 3*a - 45 = -3*s, 1 = s - a - 14. What is the remainder when ((-20)/12)/5 - 8512/(-399) is divided by s?
6
Suppose -5*a + 221 + 4 = 0. Suppose 36*h - 206 = 190. Suppose -h = -8*m + a. Calculate the remainder when 26 is divided by m.
5
Suppose -7*i + 539 - 1827 = 0. What is the remainder when ((-1)/(-2))/((1 + -5)/i) is divided by 12?
11
Let i = 29 - 40. Let s(r) = r**3 + 13*r**2 - 20*r + 16. Let x be s(i). Let u = -324 + x. Calculate the remainder when u is divided by 53.
48
Let x be (5 - -42) + (-3)/1. Suppose -x = 11*t - 11. What is the remainder when 11 is divided by (t/(-6))/(3 + 34/(-12))?
2
Let d be (-24)/18 - (-528)/18. Let p = d + -8. What is the remainder when 4/(-6)*(-282)/4 is divided by p?
7
Let n = -818 + 823. Let l(i) be the first derivative of -i**4/4 + 4*i**3/3 + 2*i**2 + 12*i + 1. What is the remainder when 39 is divided by l(n)?
4
Let f = -49 - -119. Suppose 0 = -5*g + 7*g - f. What is the remainder when 78 is divided by (-123)/(-12) - g/28?
6
Let d(b) = -4*b - 25. Let q = -46 + 43. Let i be 28/q + 8/(-12). What is the remainder when 27 is divided by d(i)?
12
Let n be (-4146)/(-4) - 5/(-10). Suppose 0 = -2*g - 2*g - s